se -y = -5*p - 284, -g*y + y - p + 1199 = 0. Is y prime?
False
Suppose 0 = w + 2*i - 897, -4*i = 3*w - 6*i - 2659. Suppose w = 3*t + 4*t. Is t composite?
False
Let t be (-5 - -6)*1*111. Suppose 5*l - t = 4*l. Suppose -4*s = -s - l. Is s a composite number?
False
Let z = 160 + -22. Let k = -83 + z. Is k a prime number?
False
Is (136/(-3))/((-3)/99) + 3 a prime number?
True
Let b(s) = 108*s**2 + 2*s + 19. Is b(8) composite?
False
Let w = 5 - -218. Suppose 0 = c - 0*c - w. Is c prime?
True
Suppose -n - f - f + 17 = 0, -n + 24 = -5*f. Is n prime?
True
Suppose 0 = 25*d - 29*d + 3556. Is d a prime number?
False
Suppose 3*u = -5*m - 9, u - 4*m = -3*m - 11. Let f be (u/(-2))/(-2) + 312. Is (f/8)/((-1)/(-4)) a prime number?
False
Let w(p) = 2*p + 2. Let y be w(-6). Let o be (-1 + 0)/(5/y). Suppose o = x - 11. Is x prime?
True
Let c(f) = 11*f + 1. Let y be c(4). Suppose -v + 0*v = -2*p - y, -3*p - 63 = -3*v. Let k = p - -38. Is k prime?
False
Let d(v) = v**3 - 8*v**2 + 6*v + 1. Suppose q - 4*q + 12 = 0. Suppose 0*l - 32 = -q*l. Is d(l) prime?
False
Let i = -675 - -1112. Let o = i - 306. Is (1 - 0)/(1/o) a composite number?
False
Suppose 5*v - 94 = z + 18, 4*v - 80 = 4*z. Is v a composite number?
False
Is 883 - (2 - 7 - -1) composite?
False
Suppose 4*s - 2*s = 422. Is s composite?
False
Let s be (-9)/4*240/45. Let z(f) = -4*f - 14. Is z(s) a composite number?
True
Suppose -6 + 0 = -z. Suppose 0 = -4*u + 3*b + 1180, -z*b = -2*b. Is u a prime number?
False
Let s = 2523 - 6. Is s a composite number?
True
Let h = 1012 + -125. Is h a prime number?
True
Suppose 2*f - 1490 = -0*f. Is f a composite number?
True
Suppose 3*c = 15, -4*c + c + 171 = 4*j. Suppose -q = q - 8. Let t = j - q. Is t a prime number?
False
Let t = 2244 - 773. Is t composite?
False
Suppose 2*m - 3 = 1. Let g(r) = 3*r**3 + r**2 - 3*r - 1. Let d be g(4). Suppose -m*f + d = f. Is f a prime number?
False
Suppose 5*n + 2*t + 249 = 873, -3*n + 369 = 3*t. Let l = n + -52. Is l prime?
False
Let r(o) = -2*o - 11. Let f be r(9). Let c be -1 + f*2 + 2. Is ((-1)/(-3))/((-1)/c) a prime number?
True
Let d be (-3 - 2/(-2))*-2. Let v = d + -2. Let j(b) = 45*b + 1. Is j(v) prime?
False
Let o = -9 + 4. Let l(x) = x. Let p(z) = z**2 + 4*z + 2. Let b(q) = -6*l(q) + p(q). Is b(o) prime?
True
Suppose -2*r = -2*k + 1058, -3*r - 3 = -4*r. Suppose -2*f - 210 = -k. Is f a prime number?
False
Suppose x + 4*x = 25. Suppose -14 = -x*j + 1. Suppose 0*r - j*r = -573. Is r a prime number?
True
Let h = -12 - -10. Let l = 9 - h. Is l prime?
True
Let r = -2527 + 3644. Is r prime?
True
Is (-524)/(-1) + -8 + 5 composite?
False
Suppose 3*r + 9 = -4*w - w, 3*r - 2*w = 12. Suppose 0 = 2*i + x - 1, 5*i - 9*i + 2*x = 2. Suppose -2*t = -2, -2*k - r*t - 2*t + 174 = i. Is k composite?
True
Let o = 300 - 464. Let p be 3/9 - (-1552)/6. Let g = p + o. Is g composite?
True
Let i be -3 - 0 - 0/1. Is -381*i*1/9 composite?
False
Let a = 1 - 4. Let h(n) = 10*n + 2. Let o(x) = -21*x - 4. Let b(k) = 5*h(k) + 3*o(k). Is b(a) a composite number?
False
Let k(j) = j + 373. Is k(0) prime?
True
Suppose 114 = -2*z - 44. Let l = 136 + z. Is l composite?
True
Suppose -4*s = 138 + 254. Let v = s + 161. Suppose y - 20 = v. Is y a composite number?
False
Suppose u = 2*u - 3. Suppose n = u*n - 114. Is n a composite number?
True
Suppose 0*q + 2*q + 1238 = -5*b, -3*q - 1242 = 5*b. Let v = b - -365. Is v prime?
False
Suppose g - 11 + 3 = 0. Suppose 4*u = -0 + g. Is 844/6 + u/6 a prime number?
False
Let m(w) = -2*w - 25. Let f(d) = d + 13. Let t(y) = -y - 13. Let u(a) = -5*f(a) - 6*t(a). Let g(c) = 2*m(c) + 5*u(c). Is g(0) a composite number?
True
Suppose 7*k - 148 = 3*k. Suppose -763 - k = -3*z - c, 0 = -z - c + 270. Is z composite?
True
Let k(m) = 2*m**2 + 3*m - 6. Let g be k(-6). Let v = g + -82. Let t = 69 + v. Is t prime?
False
Suppose 8762 = 9*z - 13099. Is z a composite number?
True
Suppose 2*s + s - 525 = -3*z, 5*s + 378 = 2*z. Is z a prime number?
True
Let d be (-2)/1 - (-5 + 1). Suppose n - 5*v = -3*n + 102, 3*v + 50 = d*n. Let g = 5 + n. Is g a composite number?
True
Suppose q + 3*f - 2*f - 4 = 0, 4*f - 12 = -3*q. Suppose -n = -q*n. Suppose 4*k + 66 = 2*h - 132, -3*h - 5*k + 275 = n. Is h prime?
False
Let f be 3/(-6)*-38*1. Let k = f - -36. Is k prime?
False
Let j = -9 + 14. Suppose -s + j = -2. Suppose 0 = -s*t + 4*t + 195. Is t a prime number?
False
Is (-63)/(-6)*166/3 composite?
True
Let v(m) = m - 3. Let p be v(6). Suppose 1 - 64 = -p*s. Is s prime?
False
Suppose -14*v = -19*v + 8275. Is v prime?
False
Let q(i) = 4*i + 7. Let d(w) = -3*w + 5. Let g(l) = -l + 2. Let f(b) = 2*d(b) - 5*g(b). Let k(j) = 3*f(j) + q(j). Is k(0) prime?
True
Let i(w) = 3*w + 1. Let u be i(-1). Is (-124)/(u - 0) - -3 a prime number?
False
Let s(f) = 2*f + 3. Let a(p) = -p - 4. Let d(z) = 4*a(z) + 3*s(z). Is d(10) a composite number?
False
Suppose 0 = -13*n + 4*n + 12591. Is n prime?
True
Suppose n = 232 - 90. Let d = n + -222. Let w = d - -113. Is w a prime number?
False
Suppose 4 - 9 = -5*x - 5*m, -2*x + 3 = m. Let f be (1/x)/((-2)/(-16)). Suppose y - 40 = 2*g - 9, f*y - g - 103 = 0. Is y a composite number?
True
Let r(a) = -a - 17. Let i be r(0). Let h = 102 + i. Is h a prime number?
False
Let n = -1 + -7. Let j(k) = 2*k**2 - 3*k + 1. Let z be j(n). Let o = -68 + z. Is o prime?
False
Suppose 4*k = 2*o - 2 - 18, 0 = -4*o + 4*k + 44. Is (1 + 213)/(o/42) a prime number?
False
Suppose 2*d - w - 107 = 0, 5*d + 4*w = -w + 305. Suppose -2*g - 2*g + d = 0. Is g a composite number?
True
Let w(k) = 150*k**2 + 19*k. Is w(-3) a composite number?
True
Let i = -40 + 73. Let d = -115 - i. Let j = -99 - d. Is j a prime number?
False
Suppose 0 = -3*n + 2*i + 9, 2*n + 0*n + 3*i = 19. Let b(g) = -g**3 + 4*g**2 + 8*g - 4. Is b(n) a prime number?
True
Let h = -8 + 13. Suppose i = 5*u - 164, -h*u + 166 = 5*i - 4*i. Is u prime?
False
Suppose 0 = u - 2*u + 1. Let r be (u/2)/((-3)/342). Let g = -32 - r. Is g composite?
True
Let i(v) = 4*v**2 + 3*v + 12. Is i(5) a prime number?
True
Let r = -26 + 14. Is r/8*50/(-3) a composite number?
True
Suppose -2*h = 4*f - 12, -4*h + 14 = 2*f + h. Suppose -90 = -f*q + 188. Is q a composite number?
False
Suppose -89 = -2*j + 5*y + 253, -648 = -4*j + y. Is j prime?
False
Let u(h) = h**3 + 15*h**2 + 10*h - 5. Let n(d) = -d**3 - 16*d**2 - 10*d + 4. Let t(i) = -5*n(i) - 6*u(i). Is t(-9) composite?
False
Suppose 11*g = 7*g. Suppose -2*i - 3*i + 238 = -3*r, g = i + r - 46. Is i prime?
True
Let a = 38 - -197. Is a prime?
False
Let n(q) = 7*q**2 - 3*q - 11. Let z(j) = 2*j**2 - j - 3. Let i(x) = -2*n(x) + 9*z(x). Is i(4) a composite number?
False
Let n = -20 - -57. Is n prime?
True
Let v be (-7569)/(-12) + (-2)/(-8). Suppose v = -4*n - 61. Let c = -12 - n. Is c prime?
False
Suppose 0 = -3*i - i. Suppose i = -3*b + 2*j - 31, -2*b = 3*j + 2*j - 11. Let s = 8 - b. Is s a composite number?
True
Suppose 0*d = d. Let o = d + -2. Is ((-74)/3)/(o/3) prime?
True
Is (-2)/(-3) + 51309/27 prime?
True
Let z = 31 + -47. Let d = z - -29. Is d composite?
False
Suppose -3*p + 8*p = -60. Let t = -3 - p. Is t a prime number?
False
Suppose 0 = -h - h + 6, -5*x - h = -4078. Suppose 5*a - x = -0*a. Is a a composite number?
False
Let c(o) = 2*o**2 - o - 4. Let l = 9 - 0. Suppose l = 4*m - 3. Is c(m) a composite number?
False
Let x be 1/((-6)/3 - -1). Let u(d) = d**2 - d. Let q(t) = 2*t**2 - 13*t - 5. Let o(j) = x*q(j) + 5*u(j). Is o(6) composite?
True
Let k(s) = s**2 - 4*s. Let x be k(5). Suppose -844 = y - x*y. Is y a composite number?
False
Let m = 60 + -36. Suppose -5*h = 2*d - 1235, -3*h - m = -2*d - 765. Is h prime?
False
Let s = -39 - -292. Is s prime?
False
Suppose 0 = -0*h - 2*h - g + 9, -5*h = -4*g - 3. Suppose 4*d + 3*p - 88 = 0, 4*p - p - 66 = -h*d. Is d a prime number?
False
Suppose -5*c + 80 = 2*b + 6, 5*b - 204 = -3*c. Let w = 27 + b. Is w a composite number?
True
Let h be 6/3*67/(-2). Is (h/3)/(3/(-63)) a prime number?
False
Suppose -5*m + 40 = 5*p, -3*p + 4 = -m - 0*p. Let f(b) = 5*b**2 + 2*b - 2. Is f(m) a prime number?
False
Let q = 155 - 92. Suppose 4*c + q = 199. Is c prime?
False
Let m(a) = -a**3 - 7*a**2 - 7*a + 1. Suppose -2*c - 12 = -0. Is m(c) composite?
False
Let a(p) = -p**3 + p + 409. Is a(0) a prime number?
True
Is (-3594)/(-5) + (-2)/(-10) composite?
False
